665 a factor of 34260420?
True
Does 3552 divide 245538370?
False
Does 86 divide 2199263724?
True
Does 640 divide 241477442?
False
Is 21 a factor of 102749497?
False
Is 579834726 a multiple of 5766?
True
Is 96321119 a multiple of 2?
False
Is 364 a factor of 4050228?
True
Is 18261958 a multiple of 26?
True
Does 2 divide 2373985?
False
Is 464 a factor of 191815280?
True
Does 7 divide 2974265?
True
Is 1517 a factor of 470174429?
True
Is 1343186843 a multiple of 1460?
False
Is 4460860077 a multiple of 86?
False
Is 138279009 a multiple of 183?
True
Is 89 a factor of 256344920?
True
Is 844 a factor of 1447488696?
True
Is 349 a factor of 12254786?
True
Is 76 a factor of 27690060?
False
Does 519 divide 601254234?
True
Does 33 divide 132941160?
True
Does 1501 divide 81536202?
False
Does 385 divide 35315793?
False
Is 434171070 a multiple of 10?
True
Does 74 divide 10313454?
True
Is 336812115 a multiple of 69?
True
Is 53702577 a multiple of 19?
False
Is 39166152 a multiple of 1157?
False
Is 1812 a factor of 60932597?
False
Does 94 divide 742153169?
False
Is 405794148 a multiple of 1734?
True
Is 900899183 a multiple of 131?
True
Is 2640 a factor of 721480740?
False
Is 935 a factor of 33982575?
True
Is 878 a factor of 2580027865?
False
Is 4091364 a multiple of 18?
True
Does 16 divide 17127246?
False
Is 45698720 a multiple of 12?
False
Is 100849977 a multiple of 684?
False
Is 2898843 a multiple of 26?
False
Does 4 divide 38933008?
True
Is 55393535 a multiple of 35?
False
Does 16 divide 217992050?
False
Is 12317536 a multiple of 11?
True
Is 139 a factor of 12237678?
False
Does 528 divide 3722609304?
False
Is 4120100 a multiple of 217?
False
Does 7 divide 50780263?
False
Is 480284907 a multiple of 1473?
True
Is 36772411 a multiple of 111?
False
Is 582044373 a multiple of 81?
True
Is 7222680 a multiple of 45?
True
Is 5097490 a multiple of 8?
False
Is 397 a factor of 170943039?
True
Is 11 a factor of 10431210?
False
Does 185 divide 3551241?
False
Does 62 divide 1563544458?
True
Does 23 divide 873807099?
True
Is 1153815857 a multiple of 8?
False
Is 81 a factor of 2069888823?
True
Does 470 divide 68230984?
False
Is 1009 a factor of 905037685?
True
Is 17 a factor of 8609882?
False
Is 1304 a factor of 63207138?
False
Is 638877022 a multiple of 172?
False
Does 3300 divide 104232389?
False
Does 11 divide 87481834?
True
Is 560 a factor of 1116836847?
False
Is 33975572 a multiple of 178?
True
Is 96200956 a multiple of 454?
False
Is 30 a factor of 562177?
False
Does 57 divide 252739262?
False
Does 9 divide 155369125?
False
Does 13 divide 20139061?
False
Is 1442 a factor of 120587250?
True
Is 228494281 a multiple of 8?
False
Is 306 a factor of 163016684?
False
Is 92776845 a multiple of 9?
False
Does 5778 divide 228017247?
False
Is 220960818 a multiple of 117?
True
Is 40 a factor of 2137529421?
False
Is 99 a factor of 95257305?
True
Is 2969065 a multiple of 48?
False
Does 88 divide 585365528?
True
Is 68 a factor of 26340924?
False
Is 6216208 a multiple of 312?
False
Is 112385311 a multiple of 278?
False
Does 35 divide 62177955?
True
Does 397 divide 51840802?
False
Does 10 divide 57778691?
False
Is 14086330 a multiple of 41?
False
Is 23826440 a multiple of 440?
True
Is 3440 a factor of 360008535?
False
Does 255 divide 491695250?
False
Does 14 divide 3024952?
True
Is 585716504 a multiple of 1180?
False
Does 342 divide 238891104?
True
Is 275234 a multiple of 3?
False
Is 278819442 a multiple of 99?
True
Is 24433794 a multiple of 1281?
True
Is 161656440 a multiple of 2060?
True
Does 360 divide 90514440?
True
Is 7 a factor of 127543500?
True
Is 116 a factor of 944159496?
True
Is 28059438 a multiple of 11?
True
Does 10 divide 221620?
True
Does 1347 divide 21899243?
False
Is 272 a factor of 285694928?
True
Is 34701415 a multiple of 685?
True
Does 176 divide 387594240?
True
Does 13 divide 52675844?
True
Does 21 divide 907309116?
True
Is 712 a factor of 325682328?
True
Does 1007 divide 247851903?
True
Is 192 a factor of 80961600?
True
Does 420 divide 2968518000?
True
Is 55002277 a multiple of 13?
False
Does 10 divide 385686?
False
Is 191838247 a multiple of 15?
False
Does 69 divide 36690819?
True
Is 33 a factor of 175993157?
False
Is 79073799 a multiple of 642?
False
Is 79 a factor of 848824978?
False
Does 18 divide 564456?
False
Is 16 a factor of 113471654?
False
Does 3380 divide 172915412?
False
Is 31436832 a multiple of 656?
True
Is 748452085 a multiple of 437?
True
Is 696728510 a multiple of 1073?
False
Is 12 a factor of 2426017?
False
Is 1050 a factor of 85561757?
False
Is 681515289 a multiple of 81?
True
Does 59 divide 135625488?
False
Does 255 divide 45633264?
False
Is 63 a factor of 2717329879?
False
Is 140805070 a multiple of 205?
True
Is 1219412 a multiple of 59?
True
Is 626129658 a multiple of 693?
True
Is 56482688 a multiple of 1831?
True
Is 13 a factor of 788181810?
True
Does 401 divide 129572323?
True
Is 1033 a factor of 4943938?
True
Is 177 a factor of 192077707?
False
Does 318 divide 38860263?
False
Is 12 a factor of 3956399165?
False
Does 722 divide 49819444?
True
Is 88077946 a multiple of 11?
True
Is 922 a factor of 50565534?
False
Does 2 divide 208591318?
True
Is 457245 a multiple of 9?
True
Is 104061354 a multiple of 193?
True
Does 307 divide 18296519?
False
Is 7022970 a multiple of 370?
True
Is 182303473 a multiple of 5?
False
Does 3 divide 4105446?
True
Does 14 divide 1983875?
False
Is 142772623 a multiple of 90?
False
Does 48 divide 505199323?
False
Is 28 a factor of 1077858862?
False
Is 993091217 a multiple of 11?
False
Does 17 divide 271600024?
True
Does 230 divide 417397339?
False
Is 10965665 a multiple of 73?
False
Is 103620160 a multiple of 3878?
True
Does 17 divide 682819433?
True
Does 260 divide 25606360?
True
Is 446674385 a multiple of 107?
False
Does 3598 divide 1998051226?
False
Does 68 divide 28685868?
True
Does 17 divide 485583042?
False
Is 1196338 a multiple of 143?
True
Does 9 divide 1430247313?
False
Is 607177935 a multiple of 13?
True
Is 176402600 a multiple of 11?
True
Is 57383223 a multiple of 5?
False
Is 3371245520 a multiple of 68?
True
Is 16 a factor of 619227514?
False
Is 1186 a factor of 68753904?
False
Is 3925975336 a multiple of 1109?
True
Is 1317576183 a multiple of 161?
True
Is 176768504 a multiple of 869?
True
Does 195 divide 31350930?
True
Does 48 divide 13504754?
False
Does 311 divide 485932213?
True
Is 69442763 a multiple of 351?
False
Is 2717167073 a multiple of 26?
False
Is 12 a factor of 80507337?
False
Does 294 divide 53395398?
True
Is 3557 a factor of 79105216?
False
Is 85606890 a multiple of 30?
True
Is 1610 a factor of 26462463?
False
Is 238803386 a multiple of 2662?
False
Does 152 divide 145654116?
False
Does 130 divide 818913810?
True
Is 61 a factor of 383805033?
False
Is 815 a factor of 564050905?
True
Does 9 divide 4966906?
False
Is 27 a factor of 2387103414?
False
Is 717533535 a multiple of 8755?
True
Does 9 divide 5019048?
True
Does 220 divide 1233487215?
False
Is 227 a factor of 1668429570?
True
Does 20 divide 31173051?
False
Is 116341898 a multiple of 12?
False
Is 190867798 a multiple of 21?
False
Is 8 a factor of 42185648?
True
Is 57042876 a multiple of 55?
False
Is 251260510 a multiple of 230?
True
Is 2 a factor of 1717893?
False
Is 2050423076 a multiple of 116?
True
Does 18 divide 46131441?
False
Is 15 a factor of 809712941?
False
Does 4 divide 1945908?
True
Does 307 divide 64760413?
False
Is 2624285080 a multiple of 74?
False
Does 66 divide 12509463?
False
Is 1318 a factor of 715324730?
True
Does 5 divide 882325267?
False
Does 14 divide 3001995?
False
Is 140206563 a multiple of 9?
True
Is 566945161 a multiple of 893?
True
Does 18 divide 8092706?
False
Is 341759712 a multiple of 679?
True
Does 118 divide 384108466?
False
Is 2 a factor of 37279705?
False
Is 1282 a factor of 53930290?
False
Does 97 divide 67795996?
False
Is 55288959 a multiple of 649?
True
Does 163 divide 208774009?
False
Does 358 divide 1580500565?
False
Does 1380 divide 500759220?
True
Is 152 a factor of 414265512?
True
Does 719 divide 38918032?
True
Does 1460 divide 954968480?
True
Is 6085675 a multiple of 1689?
False
Is 23 a factor of 30829315?
True
Is 12 a factor of 115795800?
True
Is 344933327 a multiple of 422?
False
Is 165178736 a mul